{"id":2567,"date":"2020-09-25T09:35:00","date_gmt":"2020-09-25T08:35:00","guid":{"rendered":"http:\/\/www.mjstgeorges.be\/?page_id=2567"},"modified":"2025-08-18T15:06:06","modified_gmt":"2025-08-18T14:06:06","slug":"lequipe","status":"publish","type":"page","link":"http:\/\/www.mjstgeorges.be\/?page_id=2567","title":{"rendered":"L&rsquo;EQUIPE"},"content":{"rendered":"\n<hr class=\"wp-block-separator has-text-color has-alpha-channel-opacity has-background is-style-wide\" style=\"background-color:#fe7a80;color:#fe7a80\"\/>\n\n\n\n<h2 class=\"wp-block-heading has-text-color has-large-font-size\" style=\"color:#fe7a80;font-style:normal;font-weight:700\">LES ANIMATEURS DE LA MJ<\/h2>\n\n\n\n<p>L&rsquo;\u00e9quipe \u00e9ducative de la MJSTG est compos\u00e9e d&rsquo;un coordinateur et de trois animateurs.<\/p>\n\n\n\n<p>Elle est pr\u00e9sente pour aider et encadrer&nbsp;les jeunes&nbsp;durant les permanences d&rsquo;accueil et lors des diff\u00e9rents ateliers, projets, activit\u00e9s, stages men\u00e9s au sein de la Maison des jeunes de Saint-Georges.<\/p>\n\n\n\n<hr class=\"wp-block-separator has-text-color has-alpha-channel-opacity has-background is-style-wide\" style=\"background-color:#209fac;color:#209fac\"\/>\n\n\n\n<h2 class=\"wp-block-heading has-text-color has-large-font-size\" style=\"color:#209fac;font-style:normal;font-weight:600\">Simon Charlier<\/h2>\n\n\n\n<p class=\"has-medium-font-size\"><em>Coordinateur&nbsp;de la Maison des Jeunes<\/em><\/p>\n\n\n<div class=\"wp-block-image alignwide\">\n<figure class=\"alignleft is-resized\"><img loading=\"lazy\" decoding=\"async\" width=\"414\" height=\"414\" src=\"https:\/\/www.mjstgeorges.be\/wp-content\/uploads\/2022\/06\/279462167_115495384480315_2044490552307191026_n.jpg\" alt=\"\" class=\"wp-image-3122\" style=\"width:202px;height:202px\" srcset=\"https:\/\/www.mjstgeorges.be\/wp-content\/uploads\/2022\/06\/279462167_115495384480315_2044490552307191026_n.jpg 414w, https:\/\/www.mjstgeorges.be\/wp-content\/uploads\/2022\/06\/279462167_115495384480315_2044490552307191026_n-300x300.jpg 300w, https:\/\/www.mjstgeorges.be\/wp-content\/uploads\/2022\/06\/279462167_115495384480315_2044490552307191026_n-150x150.jpg 150w\" sizes=\"auto, (max-width: 414px) 100vw, 414px\" \/><\/figure><\/div>\n\n\n<div class=\"wp-block-columns is-layout-flex wp-container-core-columns-is-layout-9d6595d7 wp-block-columns-is-layout-flex\">\n<div class=\"wp-block-column is-layout-flow wp-block-column-is-layout-flow\" style=\"flex-basis:100%\">\n<div style=\"height:33px\" aria-hidden=\"true\" class=\"wp-block-spacer\"><\/div>\n<\/div>\n<\/div>\n\n\n\n<p>GSM : 0493\/18.83.38 &nbsp;<br>Messenger : Simon Charlier MJ Saint-Georges<br>Mail : <a href=\"https:\/\/www.mjstgeorges.be\/wp-admin\/simon.charlier@mjstgeorges.be\">simon.charlier@mjstgeorges.be<\/a><\/p>\n\n\n\n<div class=\"wp-block-columns is-layout-flex wp-container-core-columns-is-layout-9d6595d7 wp-block-columns-is-layout-flex\">\n<div class=\"wp-block-column is-layout-flow wp-block-column-is-layout-flow\" style=\"flex-basis:100%\">\n<div style=\"height:81px\" aria-hidden=\"true\" class=\"wp-block-spacer\"><\/div>\n<\/div>\n<\/div>\n\n\n\n<hr class=\"wp-block-separator has-text-color has-alpha-channel-opacity has-background is-style-wide\" style=\"background-color:#209fac;color:#209fac\"\/>\n\n\n\n<h2 class=\"wp-block-heading has-text-color has-large-font-size\" style=\"color:#209fac;font-style:normal;font-weight:600\"><strong>C\u00e9lia Olivieri<\/strong><\/h2>\n\n\n\n<p class=\"has-medium-font-size\"><em>Animatrice de projets<\/em><\/p>\n\n\n<div class=\"wp-block-image alignwide\">\n<figure class=\"alignleft is-resized\"><img loading=\"lazy\" decoding=\"async\" width=\"703\" height=\"720\" src=\"http:\/\/www.mjstgeorges.be\/wp-content\/uploads\/2021\/02\/74175415_531989207587162_7222523344048881664_n.jpg\" alt=\"\" class=\"wp-image-2829\" style=\"width:196px;height:200px\" srcset=\"https:\/\/www.mjstgeorges.be\/wp-content\/uploads\/2021\/02\/74175415_531989207587162_7222523344048881664_n.jpg 703w, https:\/\/www.mjstgeorges.be\/wp-content\/uploads\/2021\/02\/74175415_531989207587162_7222523344048881664_n-293x300.jpg 293w\" sizes=\"auto, (max-width: 703px) 100vw, 703px\" \/><\/figure><\/div>\n\n\n<div class=\"wp-block-columns is-layout-flex wp-container-core-columns-is-layout-9d6595d7 wp-block-columns-is-layout-flex\">\n<div class=\"wp-block-column is-layout-flow wp-block-column-is-layout-flow\" style=\"flex-basis:100%\">\n<div style=\"height:33px\" aria-hidden=\"true\" class=\"wp-block-spacer\"><\/div>\n<\/div>\n<\/div>\n\n\n\n<p>GSM : 0493\/18.83.42 &nbsp;<br>Messenger : C\u00e9lia Olivieri MJ Saint-Georges<br>Mail : <a href=\"mailto:celia.olivieri@mjstgeorges.be\">celia.olivieri@mjstgeorges.be<\/a><\/p>\n\n\n\n<div style=\"height:30px\" aria-hidden=\"true\" class=\"wp-block-spacer\"><\/div>\n\n\n\n<hr class=\"wp-block-separator has-text-color has-alpha-channel-opacity has-background is-style-wide\" style=\"background-color:#209fac;color:#209fac\"\/>\n\n\n\n<h2 class=\"wp-block-heading has-text-color has-large-font-size\" style=\"color:#209fac;font-style:normal;font-weight:600\">Mahelle Swinnen<\/h2>\n\n\n\n<p class=\"has-medium-font-size\"><em>Animateur de projets<\/em><\/p>\n\n\n\n<figure class=\"wp-block-gallery alignleft has-nested-images columns-default is-cropped alignwide wp-block-gallery-1 is-layout-flex wp-block-gallery-is-layout-flex\">\n<figure class=\"wp-block-image size-large\"><img loading=\"lazy\" decoding=\"async\" width=\"602\" height=\"656\" data-id=\"4080\" src=\"https:\/\/www.mjstgeorges.be\/wp-content\/uploads\/2025\/08\/d1c37940-8993-4174-9efb-6d250793924d.jpg\" alt=\"\" class=\"wp-image-4080\" srcset=\"https:\/\/www.mjstgeorges.be\/wp-content\/uploads\/2025\/08\/d1c37940-8993-4174-9efb-6d250793924d.jpg 602w, https:\/\/www.mjstgeorges.be\/wp-content\/uploads\/2025\/08\/d1c37940-8993-4174-9efb-6d250793924d-275x300.jpg 275w\" sizes=\"auto, (max-width: 602px) 100vw, 602px\" \/><\/figure>\n<\/figure>\n\n\n\n<div class=\"wp-block-columns is-layout-flex wp-container-core-columns-is-layout-9d6595d7 wp-block-columns-is-layout-flex\">\n<div class=\"wp-block-column is-layout-flow wp-block-column-is-layout-flow\" style=\"flex-basis:100%\">\n<div style=\"height:30px\" aria-hidden=\"true\" class=\"wp-block-spacer\"><\/div>\n<\/div>\n<\/div>\n\n\n\n<p>GSM : 0493\/18.83.33<br>Messenger : Mahelle Swinnen MJ Saint-Georges<br>Mail :\u00a0<a href=\"mailto:raphael.livet@mjstgeorges.be\">mahelle.swinnen@mjstgeorges.be<\/a><\/p>\n\n\n\n<div style=\"height:51px\" aria-hidden=\"true\" class=\"wp-block-spacer\"><\/div>\n\n\n\n<hr class=\"wp-block-separator has-text-color has-alpha-channel-opacity has-background is-style-wide\" style=\"background-color:#fe7a80;color:#fe7a80\"\/>\n\n\n\n<h2 class=\"wp-block-heading has-text-color has-large-font-size\" style=\"color:#fe7a80;font-style:normal;font-weight:700\">LES ANIMATEURS VOLONTAIRES DES ATELIERS :<\/h2>\n\n\n\n<hr class=\"wp-block-separator has-text-color has-alpha-channel-opacity has-background is-style-wide\" style=\"background-color:#209fac;color:#209fac\"\/>\n\n\n\n<h2 class=\"wp-block-heading has-text-color has-large-font-size\" style=\"color:#209fac;font-style:normal;font-weight:600\">Ateliers Musicaux : <\/h2>\n\n\n\n<p><strong>Mauricette Crutzen<\/strong> : atelier piano<em> <\/em><br><strong>Simon Charlier :<\/strong> atelier guitare<\/p>\n\n\n\n<hr class=\"wp-block-separator has-text-color has-alpha-channel-opacity has-background is-style-wide\" style=\"background-color:#209fac;color:#209fac\"\/>\n\n\n\n<h2 class=\"wp-block-heading has-text-color has-large-font-size\" style=\"color:#209fac;font-style:normal;font-weight:600\">Atelier Jeu de R\u00f4le :<\/h2>\n\n\n\n<p><br><strong>Julien Dimarco<\/strong> :\u00a0atelier JDR Donjons et Dragons (jeudi)<br><\/p>\n\n\n\n<hr class=\"wp-block-separator has-text-color has-alpha-channel-opacity has-background is-style-wide\" style=\"background-color:#209fac;color:#209fac\"\/>\n\n\n\n<h3 class=\"wp-block-heading has-text-color has-large-font-size\" style=\"color:#209fac;font-style:normal;font-weight:600\">Ateliers Danse : <\/h3>\n\n\n\n<p><strong>Sarah Rodriguez Torres<\/strong>&nbsp;:&nbsp;atelier Hip-Hop Advance (ado de 12 \u00e0 18 ans)<em><br><\/em><strong>Galil\u00e9e Ganzasabwa <\/strong>:&nbsp;atelier Little Hip-Hop (enfants de&nbsp;6 \u00e0 11 ans)<\/p>\n","protected":false},"excerpt":{"rendered":"<p>LES ANIMATEURS DE LA MJ L&rsquo;\u00e9quipe \u00e9ducative de la MJSTG est compos\u00e9e d&rsquo;un coordinateur et de trois animateurs. Elle est pr\u00e9sente pour aider et encadrer&nbsp;les jeunes&nbsp;durant les permanences d&rsquo;accueil et lors des diff\u00e9rents ateliers, projets, activit\u00e9s, stages men\u00e9s au sein de la Maison des jeunes de Saint-Georges. Simon Charlier Coordinateur&nbsp;de la Maison des Jeunes GSM [&hellip;]<\/p>\n","protected":false},"author":2,"featured_media":0,"parent":0,"menu_order":0,"comment_status":"closed","ping_status":"closed","template":"","meta":{"footnotes":""},"class_list":["post-2567","page","type-page","status-publish","hentry"],"_links":{"self":[{"href":"http:\/\/www.mjstgeorges.be\/index.php?rest_route=\/wp\/v2\/pages\/2567","targetHints":{"allow":["GET"]}}],"collection":[{"href":"http:\/\/www.mjstgeorges.be\/index.php?rest_route=\/wp\/v2\/pages"}],"about":[{"href":"http:\/\/www.mjstgeorges.be\/index.php?rest_route=\/wp\/v2\/types\/page"}],"author":[{"embeddable":true,"href":"http:\/\/www.mjstgeorges.be\/index.php?rest_route=\/wp\/v2\/users\/2"}],"replies":[{"embeddable":true,"href":"http:\/\/www.mjstgeorges.be\/index.php?rest_route=%2Fwp%2Fv2%2Fcomments&post=2567"}],"version-history":[{"count":29,"href":"http:\/\/www.mjstgeorges.be\/index.php?rest_route=\/wp\/v2\/pages\/2567\/revisions"}],"predecessor-version":[{"id":4081,"href":"http:\/\/www.mjstgeorges.be\/index.php?rest_route=\/wp\/v2\/pages\/2567\/revisions\/4081"}],"wp:attachment":[{"href":"http:\/\/www.mjstgeorges.be\/index.php?rest_route=%2Fwp%2Fv2%2Fmedia&parent=2567"}],"curies":[{"name":"wp","href":"https:\/\/api.w.org\/{rel}","templated":true}]}}