{"id":3353,"date":"2023-01-20T17:14:05","date_gmt":"2023-01-20T16:14:05","guid":{"rendered":"https:\/\/www.mjstgeorges.be\/?page_id=3353"},"modified":"2026-02-05T16:11:29","modified_gmt":"2026-02-05T15:11:29","slug":"vancances-de-detente","status":"publish","type":"page","link":"http:\/\/www.mjstgeorges.be\/?page_id=3353","title":{"rendered":"CONGE DE DETENTE"},"content":{"rendered":"\n<figure class=\"wp-block-gallery has-nested-images columns-default is-cropped wp-block-gallery-1 is-layout-flex wp-block-gallery-is-layout-flex\">\n<figure class=\"wp-block-image size-large\"><img loading=\"lazy\" decoding=\"async\" width=\"851\" height=\"315\" data-id=\"4188\" src=\"https:\/\/www.mjstgeorges.be\/wp-content\/uploads\/2026\/02\/planning-stage-carnaval-2026.jpg\" alt=\"\" class=\"wp-image-4188\" srcset=\"https:\/\/www.mjstgeorges.be\/wp-content\/uploads\/2026\/02\/planning-stage-carnaval-2026.jpg 851w, https:\/\/www.mjstgeorges.be\/wp-content\/uploads\/2026\/02\/planning-stage-carnaval-2026-300x111.jpg 300w, https:\/\/www.mjstgeorges.be\/wp-content\/uploads\/2026\/02\/planning-stage-carnaval-2026-768x284.jpg 768w\" sizes=\"auto, (max-width: 851px) 100vw, 851px\" \/><\/figure>\n<\/figure>\n\n\n\n<figure class=\"wp-block-gallery has-nested-images columns-default is-cropped wp-block-gallery-2 is-layout-flex wp-block-gallery-is-layout-flex\">\n<figure class=\"wp-block-image size-large\"><img loading=\"lazy\" decoding=\"async\" width=\"724\" height=\"1024\" data-id=\"4186\" src=\"https:\/\/www.mjstgeorges.be\/wp-content\/uploads\/2026\/02\/affiche-stage-theatre-724x1024.jpg\" alt=\"\" class=\"wp-image-4186\" srcset=\"https:\/\/www.mjstgeorges.be\/wp-content\/uploads\/2026\/02\/affiche-stage-theatre-724x1024.jpg 724w, https:\/\/www.mjstgeorges.be\/wp-content\/uploads\/2026\/02\/affiche-stage-theatre-212x300.jpg 212w, https:\/\/www.mjstgeorges.be\/wp-content\/uploads\/2026\/02\/affiche-stage-theatre-768x1086.jpg 768w, https:\/\/www.mjstgeorges.be\/wp-content\/uploads\/2026\/02\/affiche-stage-theatre-1086x1536.jpg 1086w, https:\/\/www.mjstgeorges.be\/wp-content\/uploads\/2026\/02\/affiche-stage-theatre.jpg 1414w\" sizes=\"auto, (max-width: 724px) 100vw, 724px\" \/><\/figure>\n<\/figure>\n\n\n\n<figure class=\"wp-block-gallery has-nested-images columns-default is-cropped wp-block-gallery-3 is-layout-flex wp-block-gallery-is-layout-flex\">\n<figure class=\"wp-block-image size-large\"><img loading=\"lazy\" decoding=\"async\" width=\"724\" height=\"1024\" data-id=\"4187\" src=\"https:\/\/www.mjstgeorges.be\/wp-content\/uploads\/2026\/02\/Stage-trait-dunion-724x1024.png\" alt=\"\" class=\"wp-image-4187\" srcset=\"https:\/\/www.mjstgeorges.be\/wp-content\/uploads\/2026\/02\/Stage-trait-dunion-724x1024.png 724w, https:\/\/www.mjstgeorges.be\/wp-content\/uploads\/2026\/02\/Stage-trait-dunion-212x300.png 212w, https:\/\/www.mjstgeorges.be\/wp-content\/uploads\/2026\/02\/Stage-trait-dunion-768x1086.png 768w, https:\/\/www.mjstgeorges.be\/wp-content\/uploads\/2026\/02\/Stage-trait-dunion-1086x1536.png 1086w, https:\/\/www.mjstgeorges.be\/wp-content\/uploads\/2026\/02\/Stage-trait-dunion.png 1414w\" sizes=\"auto, (max-width: 724px) 100vw, 724px\" \/><\/figure>\n<\/figure>\n\n\n\n<div style=\"height:22px\" aria-hidden=\"true\" class=\"wp-block-spacer\"><\/div>\n\n\n\n<h3 class=\"wp-block-heading has-text-color has-large-font-size\" style=\"color:#209fac;font-style:normal;font-weight:600\">Stage Trait-d&rsquo;union<\/h3>\n\n\n\n<div class=\"wp-block-group\"><div class=\"wp-block-group__inner-container is-layout-constrained wp-block-group-is-layout-constrained\">\n<div class=\"wp-block-group\"><div class=\"wp-block-group__inner-container is-layout-constrained wp-block-group-is-layout-constrained\">\n<p class=\"has-black-color has-text-color\">Ici, c\u2019est toi qui d\u00e9cides !<\/p>\n\n\n\n<p class=\"has-black-color has-text-color\">Propose et anime des activit\u00e9s \u00e0 vivre avec des enfants et des adultes plus \u00e2g\u00e9s de la commune.<\/p>\n\n\n\n<p class=\"has-black-color has-text-color\">Un stage interg\u00e9n\u00e9rationnel pour cr\u00e9er du lien, partager et passer des apr\u00e8s-midis fun ensemble<strong>.<\/strong><\/p>\n\n\n\n<p class=\"has-black-color has-text-color\">Tes id\u00e9es, ton projet, ton stage.<\/p>\n<\/div><\/div>\n<\/div><\/div>\n\n\n\n<p class=\"has-black-color has-text-color\"><strong>Dates :<\/strong> du 23 f\u00e9vrier au 27 f\u00e9vrier de 13 \u00e0 16h<\/p>\n\n\n\n<p class=\"has-black-color has-text-color\"><strong>Prix : <\/strong> 10\u20ac pour les membres de la MJ \/ 15\u20ac pour les non-membres<\/p>\n\n\n\n<p class=\"has-black-color has-text-color\"><strong>Inscription :<\/strong> <br> 0493\/18.83.33<br> mahelle.swinnen@mjstgeorges.be<\/p>\n\n\n\n<hr class=\"wp-block-separator has-alpha-channel-opacity is-style-wide\"\/>\n\n\n\n<div style=\"height:16px\" aria-hidden=\"true\" class=\"wp-block-spacer\"><\/div>\n\n\n\n<h3 class=\"wp-block-heading has-text-color has-large-font-size\" style=\"color:#209fac;font-style:normal;font-weight:600\">Stage Th\u00e9\u00e2tre<\/h3>\n\n\n\n<p class=\"has-black-color has-text-color\">Aucun pr\u00e9requis n&rsquo;est n\u00e9cessaire : que tu sois d\u00e9butant ou d\u00e9j\u00e0 passion\u00e9, ce stage est fait pour toi ! <\/p>\n\n\n\n<p class=\"has-black-color has-text-color\"><strong>Dates :<\/strong> du 23 f\u00e9vrier au 27 f\u00e9vrier de 13 \u00e0 16h<\/p>\n\n\n\n<p class=\"has-black-color has-text-color\"><strong>Prix : <\/strong> 10\u20ac pour les membres de la MJ \/ 15\u20ac pour les non-membres<\/p>\n\n\n\n<p class=\"has-black-color has-text-color\"><strong>Inscription :<\/strong> <br> 0493\/18.83.33<br> mahelle.swinnen@mjstgeorges.be<\/p>\n","protected":false},"excerpt":{"rendered":"<p>Stage Trait-d&rsquo;union Ici, c\u2019est toi qui d\u00e9cides ! Propose et anime des activit\u00e9s \u00e0 vivre avec des enfants et des adultes plus \u00e2g\u00e9s de la commune. Un stage interg\u00e9n\u00e9rationnel pour cr\u00e9er du lien, partager et passer des apr\u00e8s-midis fun ensemble. Tes id\u00e9es, ton projet, ton stage. Dates : du 23 f\u00e9vrier au 27 f\u00e9vrier de [&hellip;]<\/p>\n","protected":false},"author":2,"featured_media":0,"parent":0,"menu_order":0,"comment_status":"closed","ping_status":"closed","template":"","meta":{"footnotes":""},"class_list":["post-3353","page","type-page","status-publish","hentry"],"_links":{"self":[{"href":"http:\/\/www.mjstgeorges.be\/index.php?rest_route=\/wp\/v2\/pages\/3353","targetHints":{"allow":["GET"]}}],"collection":[{"href":"http:\/\/www.mjstgeorges.be\/index.php?rest_route=\/wp\/v2\/pages"}],"about":[{"href":"http:\/\/www.mjstgeorges.be\/index.php?rest_route=\/wp\/v2\/types\/page"}],"author":[{"embeddable":true,"href":"http:\/\/www.mjstgeorges.be\/index.php?rest_route=\/wp\/v2\/users\/2"}],"replies":[{"embeddable":true,"href":"http:\/\/www.mjstgeorges.be\/index.php?rest_route=%2Fwp%2Fv2%2Fcomments&post=3353"}],"version-history":[{"count":19,"href":"http:\/\/www.mjstgeorges.be\/index.php?rest_route=\/wp\/v2\/pages\/3353\/revisions"}],"predecessor-version":[{"id":4191,"href":"http:\/\/www.mjstgeorges.be\/index.php?rest_route=\/wp\/v2\/pages\/3353\/revisions\/4191"}],"wp:attachment":[{"href":"http:\/\/www.mjstgeorges.be\/index.php?rest_route=%2Fwp%2Fv2%2Fmedia&parent=3353"}],"curies":[{"name":"wp","href":"https:\/\/api.w.org\/{rel}","templated":true}]}}